212121.
441
Calculate the highest common divisor of 26 and 54314.
26
What is the highest common divisor of 206 and 34402?
206
Calculate the highest common factor of 207 and 27666.
9
What is the highest common factor of 763193 and 29?
29
Calculate the greatest common factor of 16 and 23692.
4
Calculate the greatest common factor of 1080 and 631320.
120
What is the greatest common divisor of 300768 and 1833?
39
What is the highest common factor of 69 and 174639?
69
What is the highest common divisor of 3024213 and 519?
519
Calculate the greatest common divisor of 249529 and 1204.
301
Calculate the highest common divisor of 260020 and 40.
20
What is the greatest common factor of 28938 and 728?
182
Calculate the highest common divisor of 170 and 11424.
34
What is the greatest common divisor of 87 and 214542?
87
What is the greatest common divisor of 63 and 8617?
7
Calculate the highest common divisor of 1146 and 60.
6
Calculate the highest common factor of 812 and 68404.
28
What is the highest common factor of 918480 and 645?
645
Calculate the highest common factor of 45144 and 756.
108
What is the highest common divisor of 127319 and 38?
19
What is the greatest common factor of 176392 and 816?
136
Calculate the highest common divisor of 9948 and 1236.
12
Calculate the greatest common factor of 59585 and 51.
17
Calculate the highest common divisor of 311 and 2514124.
311
What is the greatest common factor of 248 and 130386?
62
What is the highest common factor of 680 and 108205?
85
What is the highest common divisor of 56960 and 12000?
160
Calculate the highest common divisor of 48 and 168416.
16
What is the greatest common factor of 2261 and 15946?
119
Calculate the greatest common divisor of 1358 and 7028.
14
Calculate the highest common factor of 100 and 20620.
20
What is the highest common factor of 1784 and 1478713?
223
Calculate the highest common divisor of 61707 and 33969.
201
What is the greatest common divisor of 23999 and 9786?
233
What is the greatest common factor of 27114 and 42?
6
What is the highest common divisor of 12765 and 23?
23
What is the greatest common divisor of 41 and 47?
1
Calculate the highest common divisor of 23 and 9623913.
23
Calculate the highest common factor of 463 and 3776691.
463
What is the highest common divisor of 110 and 205106?
22
What is the greatest common factor of 92103 and 330?
33
What is the greatest common divisor of 276 and 256496?
92
What is the greatest common divisor of 56 and 15673?
7
What is the highest common divisor of 252 and 1044?
36
What is the greatest common factor of 457176 and 129?
129
What is the greatest common factor of 567 and 3787?
7
Calculate the highest common factor of 163983 and 141.
141
What is the highest common factor of 3745 and 45?
5
Calculate the highest common divisor of 218647 and 121.
121
What is the greatest common factor of 7843 and 44206?
713
What is the highest common divisor of 352 and 26323?
11
Calculate the greatest common divisor of 132 and 4588.
4
Calculate the greatest common factor of 1401354 and 54.
54
Calculate the highest common factor of 31101 and 21.
21
What is the greatest common factor of 9084 and 3240?
12
Calculate the highest common divisor of 6231 and 87636.
201
What is the highest common factor of 29800 and 240784?
1192
Calculate the highest common divisor of 508077 and 18.
9
Calculate the highest common factor of 1392 and 1573134.
174
Calculate the highest common divisor of 25 and 6333725.
25
What is the greatest common factor of 458510 and 1820?
130
Calculate the greatest common divisor of 205 and 9935.
5
What is the highest common factor of 360 and 1212540?
60
Calculate the greatest common divisor of 12 and 66224.
4
What is the greatest common factor of 12563 and 51?
17
Calculate the greatest common factor of 80762 and 22.
22
What is the highest common divisor of 759894 and 246?
246
Calculate the greatest common divisor of 1500663 and 87.
87
Calculate the highest common divisor of 13774 and 776.
194
What is the highest common divisor of 8431 and 1?
1
What is the greatest common divisor of 96 and 27952?
16
What is the highest common divisor of 1380 and 2185?
115
Calculate the greatest common factor of 496 and 6208.
16
What is the highest common factor of 96 and 3003744?
96
Calculate the highest common divisor of 55066 and 22.
22
What is the greatest common divisor of 2728 and 12408?
88
Calculate the greatest common divisor of 2484 and 110676.
276
What is the greatest common divisor of 107340 and 90?
30
Calculate the greatest common factor of 4266 and 10179.
27
Calculate the greatest common divisor of 470583 and 153.
9
Calculate the highest common divisor of 2437 and 553.
1
What is the greatest common divisor of 134590 and 4730?
430
What is the greatest common divisor of 2028 and 25974?
78
What is the highest common divisor of 255 and 357816?
51
What is the highest common factor of 374388 and 84?
84
Calculate the greatest common divisor of 76 and 12684.
4
Calculate the greatest common divisor of 10274 and 814.
22
What is the greatest common divisor of 377 and 8474583?
377
Calculate the highest common divisor of 78 and 244660.
26
Calculate the greatest common divisor of 27 and 2984175.
27
What is the greatest common factor of 2850 and 15770?
190
What is the highest common factor of 27 and 41337?
27
Calculate the highest common divisor of 120 and 43080.
120
Calculate the highest common divisor of 1389 and 24.
3
Calculate the greatest common factor of 6464 and 1856.
64
What is the highest common divisor of 145047 and 168?
21
Calculate the greatest common factor of 21060 and 3658122.
2106
What is the greatest common factor of 26 and 251654?
26
What is the greatest common factor of 14755 and 2925?
65
Calculate the highest common factor of 15563 and 1027.
79
What is the highest common divisor of 1122 and 38?
2
Calculate the highest common divisor of 6726 and 798.
114
What is the greatest common factor of 22528 and 5104?
176
What is the highest common factor of 4575300 and 303?
303
Calculate the highest common factor of 85794 and 42.
6
What is the highest common divisor of 207733 and 989?
43
What is the highest common divisor of 34472 and 1116?
124
Calculate the greatest common divisor of 40468 and 16308.
604
What is the greatest common divisor of 5922 and 109980?
846
What is the highest common factor of 4814 and 145001?
83
Calculate the greatest common factor of 12892 and 1100.
44
Calculate the highest common divisor of 282 and 25239.
141
Calculate the greatest common factor of 1996 and 4417148.
1996
What is the highest common factor of 50 and 53030?
10
Calculate the greatest common divisor of 64964 and 64.
4
Calculate the highest common factor of 27 and 321921.
27
What is the highest common factor of 80 and 18736?
16
What is the greatest common factor of 198648 and 24?
24
Calculate the greatest common factor of 12995 and 47460.
565
Calculate the greatest common divisor of 7185 and 60.
15
Calculate the highest common divisor of 832 and 20288.
64
Calculate the greatest common divisor of 3281 and 1615.
17
What is the greatest common divisor of 93805 and 146?
73
Calculate the greatest common divisor of 51864 and 48.
24
What is the highest common divisor of 445 and 275277?
89
Calculate the greatest common factor of 49086 and 33291.
243
Calculate the greatest common factor of 544 and 688.
16
Calculate the highest common divisor of 99935 and 1185.
395
What is the greatest common divisor of 5776 and 3040?
304
Calculate the greatest common factor of 1255 and 52961.
251
Calculate the highest common factor of 460 and 393875.
115
What is the highest common factor of 524661 and 122?
61
Calculate the greatest common divisor of 5627 and 7613.
331
What is the greatest common divisor of 488864 and 544?
32
What is the highest common factor of 3210 and 1635?
15
What is the greatest common factor of 984 and 9553?
41
Calculate the highest common divisor of 565 and 519122.
113
Calculate the greatest common divisor of 1455 and 80607.
291
Calculate the highest common factor of 2662 and 209.
11
What is the greatest common divisor of 227505 and 87?
87
Calculate the highest common factor of 22892 and 236.
236
Calculate the highest common divisor of 35 and 2723595.
35
Wh